z + 4984. List the prime factors of z.
997
Suppose 4*w - 2 = 3*g, 0*g + 5*g = 2*w + 6. Suppose -3*o - 59 = 2*x - 742, 0 = o + w*x - 233. List the prime factors of o.
3, 5
What are the prime factors of (-23 - -5)*(77/(-3) + 2)?
2, 3, 71
Let u(m) = 9*m - 45. Suppose -35 = 9*g - 125. What are the prime factors of u(g)?
3, 5
Let g(l) = 4*l - 2. Let z be g(5). Let t be 37 - (z/(-3) - -3). Suppose 2*p + 8 = t. List the prime factors of p.
2
Suppose 3*w - 5*z = 4, 3*z = -5*w + 10 - 60. Let x be 4 + 3 + (-28)/(-4). Let g = w + x. List the prime factors of g.
7
Let y be -11 - 2*(-4 - -2). Let c(o) = -16*o - 3. What are the prime factors of c(y)?
109
Suppose 0 = -3*t - 4*w - 21, 0 = 3*t + 5*w - 3*w + 27. Let k be t/(-3) - 1/(-3). What are the prime factors of (-22)/(k - 2 - 4)?
11
Let o be (19/3)/(1/3). Let m = 21 - o. List the prime factors of 36 + 4/8*m.
37
Suppose -10 = 3*g - 5*g. Let l(i) = 2*i**3 - 4*i**2 + 5 + 6*i**2 + g*i**2 - 3*i**3 + 3*i. What are the prime factors of l(7)?
2, 13
Let i = 3569 - 2037. What are the prime factors of i?
2, 383
Let w(m) be the second derivative of 0 + 2/3*m**3 - 7*m**2 - 8*m. List the prime factors of w(7).
2, 7
Suppose 6*s - 12 = 9*s. Let a(f) = -16*f - 6. List the prime factors of a(s).
2, 29
Let j(n) = -n**2 - 20*n - 3. Let b(p) = 5*p + 4. Let l be b(-4). List the prime factors of j(l).
61
Suppose -7*w - 10892 = -21*w. What are the prime factors of w?
2, 389
Let v be ((-16)/24)/(2/(-15)). Suppose 0 = i + 3*z - v, z = -i - 0*z + 7. List the prime factors of (-227)/(-7) + i/14.
3, 11
Suppose -4 + 31 = 3*r. Suppose -6*f = -r*f + 15. Suppose -x + f*s = -33, 0 = 5*x - 2*s - 2*s - 123. What are the prime factors of x?
23
Let g be 5/1*442/85. Suppose 0*z - 2*z = g. Let v(f) = -f**3 - 13*f**2 - 4*f + 1. What are the prime factors of v(z)?
53
Let t = -94 - -48. Let k = 168 + t. List the prime factors of k.
2, 61
Suppose 2*p = -23 - 19. Let a = 75 + p. What are the prime factors of a?
2, 3
Let n(m) = -1148*m**3 + m. What are the prime factors of n(-1)?
31, 37
Let k = 16 - -47. Let s = k + -5. List the prime factors of s.
2, 29
Let d(f) be the second derivative of f**4/6 - f**3 - 21*f**2/2 + 4*f. What are the prime factors of d(-9)?
3, 5, 13
Let t(o) = -7*o + 4. Let a be (-9)/(-6) + 9/6. Suppose -4*c - 12 = 0, f + a*c - 4*c = -1. List the prime factors of t(f).
2
Let a(u) = -2 + 3*u - 3*u + 0*u - 3*u + u**2. Let q = 22 + -25. What are the prime factors of a(q)?
2
Let o(x) = x**2 + 30*x - 256. List the prime factors of o(-44).
2, 3, 5
Suppose 3*k + 50 = 8*k. Suppose k*l - 4*l = 318. What are the prime factors of l?
53
Suppose 0 = 14*l - 10815 - 12425. List the prime factors of l.
2, 5, 83
Let j(f) = 25*f - 1. Let l be j(7). Suppose -4*q + 8 = -3*q + 4*t, -3*q - t + 2 = 0. Suppose 10*v - 7*v - l = q. What are the prime factors of v?
2, 29
Suppose 35*c - 39*c + 544 = 0. What are the prime factors of c?
2, 17
Suppose 5*t - 30 = -5. Suppose t*l - 534 = -l. What are the prime factors of l?
89
Suppose -6*s = -2*s - 404. Suppose -5*u - 5*q + s = -79, 5*q = 5*u - 140. What are the prime factors of u?
2
Let g(i) = -10*i - 6. Let r(x) = x**3 - 5*x**2 - 2*x + 1. Let p be r(5). What are the prime factors of g(p)?
2, 3, 7
Let l(c) = -7 + 0*c**2 - c**3 - 14*c**2 - 2*c + 8*c**2. Let g = -11 - -5. List the prime factors of l(g).
5
Suppose s = -q + 210, 2*q - 1038 = -4*s - s. Let x = 298 - s. What are the prime factors of x?
2, 23
Suppose 3 = z - 2. Suppose 1 + z = -3*j, b - 66 = -j. Let s = -29 + b. List the prime factors of s.
3, 13
Let m(d) = -9*d - 2 - 5 + 4. List the prime factors of m(-1).
2, 3
Suppose 1293 = 5*m - 1657. List the prime factors of m.
2, 5, 59
Let f(h) = -h**3 + 29*h**2 - 78*h - 65. What are the prime factors of f(19)?
2063
Let i(o) = -2*o**2 - 12*o - 13. Let p be i(-7). What are the prime factors of ((-116)/(-2))/((p/12)/(-9))?
2, 29
Suppose 0 = -5*v - 4*k + 13846, -18*v - 5*k - 2775 = -19*v. List the prime factors of v.
2, 5, 277
Let p(u) = u**2 - u - 16. Suppose -z - 9 = -6*b + 2*b, 0 = -3*z + 5*b - 20. What are the prime factors of p(z)?
2, 7
List the prime factors of -6738*6/(-18) + 5 - 6.
5, 449
Let m(u) = -u**3 + 22*u**2 - 29*u + 45. Let r(f) = -5*f**3 + 110*f**2 - 145*f + 224. Let d(v) = -11*m(v) + 2*r(v). What are the prime factors of d(21)?
11
Suppose -4 = -2*h - 2. Suppose -h = -b - 6. Let n = b + 25. List the prime factors of n.
2, 5
Let m = 16 - 13. Suppose -m*c - 5*h = -5*c - 3, -2*c = -h - 1. Suppose j - c = -5, 10 = -o - 5*j. List the prime factors of o.
2, 5
Suppose n = x - 116, -5*x - n + 256 + 294 = 0. Let l = x - -133. What are the prime factors of l?
2, 61
Let j be 6 + -3 - (3 + -21)/2. List the prime factors of (-2)/(-1) + 2/(j/258).
3, 5
Let o = 545 + -285. What are the prime factors of o?
2, 5, 13
Let c be (4 + 35/(-5))*5. Let n be (-131)/2*(c - -17). Let k = -94 - n. List the prime factors of k.
37
Let z(f) = -3*f**2 + 6*f + 11. Let g(j) = 7*j**2 - 18*j - 33. Let p(o) = -2*g(o) - 7*z(o). What are the prime factors of p(-3)?
2, 5, 7
Let c = 185 + 469. List the prime factors of c.
2, 3, 109
Suppose 0 = 4*s - 8 - 16. Suppose -2*q + s = 2*a, -3*a = -3*q - 2*a + 9. Let f(x) = x**3 + x**2 + 2. List the prime factors of f(q).
2, 19
Suppose l + 0*l + 3*g - 549 = 0, 2*g = -5*l + 2706. Suppose -3*c + 4*n = -404, c + 3*c - 4*n = l. What are the prime factors of c?
2, 17
Let q be ((-4)/5)/((-30)/(-975)). Let a = q + 65. List the prime factors of a.
3, 13
Suppose 66*b - 59*b = 2037. Suppose 5*j + b = 8*j. What are the prime factors of j?
97
Let n be (-1501)/(-5) + (-5)/25. Suppose 12*c - 8*c - n = 0. What are the prime factors of c?
3, 5
Suppose -117 = -3*g + 114. Suppose u + g = 3*w, 0 = -0*w + w + 2*u - 28. List the prime factors of (w*-2)/(-4) + -2.
11
Let i be (-3 - 1) + -44 + -3. Let h = 91 + i. What are the prime factors of h?
2, 5
Suppose 5*c = -4*u + 3 + 20, 3*u - 5*c + 9 = 0. Suppose -s = 3*v - 58, v + 0*s = 5*s - u. Let z = 26 - v. What are the prime factors of z?
2
What are the prime factors of ((-40)/24)/(1/(-369))?
3, 5, 41
Let x(g) = g**2 + 1. Let p be x(1). What are the prime factors of (-1)/(p/(-222)*(-2)/(-2))?
3, 37
Let i(o) = 3*o**2 + 23. List the prime factors of i(-8).
5, 43
List the prime factors of 1 - (-218 - (2 + -6 + -1)).
2, 107
Suppose -4*l + 12*o - 9*o + 442 = 0, 5*l + 4*o = 568. What are the prime factors of l?
2, 7
Suppose -3*a = -9*a + 108. Suppose -4*u + a = 2. List the prime factors of u.
2
Let b(y) be the first derivative of y**3/3 + 3*y**2/2 - 13*y + 12. Let s be b(-6). Suppose -5*k - 68 = -4*g + 55, 144 = s*g - 3*k. List the prime factors of g.
3
Suppose 12352 = 16*g - 0*g. What are the prime factors of g?
2, 193
Suppose -3*n = -2*z + 26, 5*n = -5*z + 35 + 55. Let w be z + -16 + 3 + 0. What are the prime factors of 11/(-1 + 4/w)?
3, 11
Suppose 2800 = -16*c + 20*c. What are the prime factors of c?
2, 5, 7
Suppose -n + 5 = 3. Suppose 332 = 4*f - n*o - o, -4*o = -4*f + 328. What are the prime factors of f?
2, 43
Suppose 0 = -16*n + 5*n + 4752. What are the prime factors of n?
2, 3
Let o(p) = p**2 + 3*p + 3. Suppose -5*x - 1 = -16. List the prime factors of o(x).
3, 7
Suppose 0*n = -n - 2*q + 254, -2*n + 503 = 5*q. Suppose -n = -p - 19. Suppose 3*r = -2*r + p. List the prime factors of r.
7
Let c be 2/(-4)*(-8)/2. Suppose -2 = -c*b - 20. Let y = 13 + b. List the prime factors of y.
2
Let d(g) = g**3 - g**2 - g + 1. Let y(n) = 3*n**3 - 3*n**2 - 5*n + 6. Let m(z) = 4*d(z) - y(z). Let q be m(0). List the prime factors of -21*(-3)/q*-2.
3, 7
Suppose 4*i - 4*c = 1603 - 23, -5*c = -4*i + 1580. Let b = -231 + i. What are the prime factors of b?
2, 41
Let q be (26/8)/(12/96). Suppose 0 = -5*u + 4 + q. What are the prime factors of u?
2, 3
Suppose 2*q - 85 = -5*t + 7*q, t - 2*q = 21. Let j(c) = c**3 - 12*c**2 - 8*c - 17. What are the prime factors of j(t)?
2, 3
Suppose -y = 5*z - 5*y - 37, z = -3*y - 4. Suppose 3*r - 14 = 5*r + 2*c, 27 = -z*r - c. Let q(d) = -d**3 - 4*d**2 - 10*d - 1. List the prime factors of q(r).
2, 37
Let l = -59 + 52. Let w(v) = v**3 + 6*v**2 - 9*v - 8. What are the prime factors of w(l)?
2, 3
Suppose 10*o - 6*o - 16 = 0. Suppose o*r + 24 = 8*r. List the prime factors of (20 + 4)*r/4.
2, 3
Let g(a) = 10*a**3 + 3*a**2 - 2*a + 4. Let v be g(3). Suppose 3*b - 2*